{"id":1722,"date":"2026-02-11T23:40:04","date_gmt":"2026-02-11T23:40:04","guid":{"rendered":"https:\/\/places.sca-caid.org\/potrero\/?page_id=1722"},"modified":"2026-04-01T12:41:55","modified_gmt":"2026-04-01T12:41:55","slug":"2026-home","status":"publish","type":"page","link":"https:\/\/places.sca-caid.org\/potrero\/","title":{"rendered":"2026 Home"},"content":{"rendered":"<p>[et_pb_section fb_built=&#8221;1&#8243; _builder_version=&#8221;4.24.2&#8243; _module_preset=&#8221;default&#8221; background_color=&#8221;RGBA(255,255,255,0)&#8221; global_colors_info=&#8221;{}&#8221;][et_pb_row _builder_version=&#8221;4.27.4&#8243; _module_preset=&#8221;default&#8221; background_color=&#8221;RGBA(255,255,255,0)&#8221; background_enable_image=&#8221;off&#8221; background_blend=&#8221;overlay&#8221; custom_margin=&#8221;2px||2px||false|false&#8221; custom_padding=&#8221;0px||0px||false|false&#8221; border_radii=&#8221;on|15px|15px|15px|15px&#8221; global_colors_info=&#8221;{}&#8221;][et_pb_column type=&#8221;4_4&#8243; _builder_version=&#8221;4.24.0&#8243; _module_preset=&#8221;default&#8221; global_colors_info=&#8221;{}&#8221;][et_pb_heading title=&#8221;Potrero War 2026&#8243; _builder_version=&#8221;4.27.5&#8243; _module_preset=&#8221;default&#8221; title_font=&#8221;Merriweather|800|||||||&#8221; title_text_align=&#8221;center&#8221; title_text_color=&#8221;#28643c&#8221; custom_margin=&#8221;2px||2px||false|false&#8221; custom_padding=&#8221;0px|0px|0px|0px|false|false&#8221; global_colors_info=&#8221;{}&#8221;][\/et_pb_heading][et_pb_heading title=&#8221;Thursday, May 21st &#8211; Monday, May 25th&#8221; _builder_version=&#8221;4.27.5&#8243; _module_preset=&#8221;default&#8221; title_level=&#8221;h6&#8243; title_font=&#8221;Merriweather||||||||&#8221; title_text_align=&#8221;center&#8221; title_text_color=&#8221;#000000&#8243; custom_margin=&#8221;2px|0px|2px|0px|false|false&#8221; custom_padding=&#8221;0px|0px|0px|0px|false|false&#8221; global_colors_info=&#8221;{}&#8221;][\/et_pb_heading][et_pb_text _builder_version=&#8221;4.27.4&#8243; _module_preset=&#8221;default&#8221; text_font=&#8221;Merriweather||||||||&#8221; global_colors_info=&#8221;{}&#8221;]<\/p>\n<p style=\"text-align: center;\"><a href=\"https:\/\/places.sca-caid.org\/potrero\/home\/directions\/\">24800 Potrero Park Dr, Potrero, CA 91963<\/a><\/p>\n<p>[\/et_pb_text][et_pb_toggle title=&#8221;A message from our Stewards:&#8221; closed_toggle_text_color=&#8221;#28643c&#8221; icon_color=&#8221;#28643c&#8221; open_icon_color=&#8221;#28643c&#8221; disabled_on=&#8221;on|on|on&#8221; _builder_version=&#8221;4.27.5&#8243; _module_preset=&#8221;default&#8221; title_font=&#8221;Merriweather||||||||&#8221; title_font_size=&#8221;18px&#8221; body_text_color=&#8221;#28643c&#8221; background_color=&#8221;RGBA(255,255,255,0)&#8221; border_width_all=&#8221;0px&#8221; disabled=&#8221;on&#8221; global_colors_info=&#8221;{}&#8221;]<\/p>\n<p dir=\"ltr\"><strong>G\u00f3\u00f0an dag, good Gentles of Caid and visitors from Lands the Known World over!<\/strong><\/p>\n<p dir=\"ltr\"><span>On behalf of Their Excellencies, \u00deorsteinn and Asa, we welcome and invite you to attend Potrero War 2025! This year\u2019s theme is Raising a Viking Village, celebrating the <\/span><span>intriguing and complex lives of Viking and Scandinavian cultures.\u00a0<\/span><\/p>\n<p dir=\"ltr\"><span>Pre-Registration\/Land Allocation will be live at noon on Monday, February 17th!<\/span><\/p>\n<p dir=\"ltr\"><span>Pricing increases $5 on April 17th, 2025, and again $5 after Pre-Registration closes, so as they say in Iceland &#8211; \u00c1fram me\u00f0 Smj\u00f6ri\u00f0!<\/span><\/p>\n<p dir=\"ltr\"><span>Be sure to come back often to get additional information on the war! We will be adding content in the upcoming months with details on Participating Merchants, Volunteering Opportunities, Special Events, Fighting Scenarios, and Arts and Sciences Classes &#8211; and more!<\/span><\/p>\n<p dir=\"ltr\"><span>We look forward to seeing you at our Viking Village at Potrero Park in May!<\/span><\/p>\n<p dir=\"ltr\"><span>For more questions, please contact <\/span><a href=\"mailto:stewards@potrerowar.sca-caid.org\" target=\"_blank\" rel=\"noopener\"><span>stewards@potrerowar.sca-caid.<wbr \/>org<\/span><\/a><span>.<\/span><\/p>\n<p dir=\"ltr\"><span>Ariana and Refr<\/span><\/p>\n<p dir=\"ltr\"><span>Potrero War 2025 Event Stewards<\/span><\/p>\n<p>[\/et_pb_toggle][\/et_pb_column][\/et_pb_row][et_pb_row disabled_on=&#8221;off|off|off&#8221; _builder_version=&#8221;4.27.4&#8243; _module_preset=&#8221;default&#8221; custom_margin=&#8221;2px||2px||false|false&#8221; custom_padding=&#8221;0px||0px||false|false&#8221; global_colors_info=&#8221;{}&#8221;][et_pb_column type=&#8221;4_4&#8243; _builder_version=&#8221;4.27.4&#8243; _module_preset=&#8221;default&#8221; global_colors_info=&#8221;{}&#8221;][et_pb_heading title=&#8221;Announcements:&#8221; _builder_version=&#8221;4.27.4&#8243; _module_preset=&#8221;default&#8221; title_level=&#8221;h2&#8243; title_font=&#8221;Merriweather||||||||&#8221; title_text_align=&#8221;center&#8221; custom_margin=&#8221;5px|5px|5px|5px|false|false&#8221; global_colors_info=&#8221;{}&#8221;][\/et_pb_heading][\/et_pb_column][\/et_pb_row][et_pb_row disabled_on=&#8221;off|off|off&#8221; _builder_version=&#8221;4.27.5&#8243; _module_preset=&#8221;default&#8221; custom_margin=&#8221;2px||2px||false|false&#8221; custom_padding=&#8221;0px||0px||false|false&#8221; global_colors_info=&#8221;{}&#8221;][et_pb_column type=&#8221;4_4&#8243; _builder_version=&#8221;4.27.4&#8243; _module_preset=&#8221;default&#8221; global_colors_info=&#8221;{}&#8221;][et_pb_image src=&#8221;http:\/\/places.sca-caid.org\/potrero\/wp-content\/uploads\/sites\/22\/2026\/02\/Potrero_reg26.jpg&#8221; alt=&#8221;General Registration opens 12pm (PST) February 17. Potrero War 2025 Raising a Viking Village Event dates; May 22-26&#8243; title_text=&#8221;Potrero_reg26&#8243; url=&#8221;https:\/\/docs.google.com\/forms\/d\/e\/1FAIpQLSc-m-7R74C0epvk6sbJeTzpQpKm_E0MCP1aoEiWOjCHIMOasw\/viewform?usp=dialog&#8221; url_new_window=&#8221;on&#8221; align=&#8221;center&#8221; disabled_on=&#8221;off|off|off&#8221; _builder_version=&#8221;4.27.6&#8243; _module_preset=&#8221;default&#8221; custom_margin=&#8221;2px||2px||false|false&#8221; custom_padding=&#8221;0px||0px||false|false&#8221; global_colors_info=&#8221;{}&#8221;][\/et_pb_image][et_pb_text _builder_version=&#8221;4.27.6&#8243; _module_preset=&#8221;default&#8221; custom_padding=&#8221;10px||10px||false|false&#8221; global_colors_info=&#8221;{}&#8221;]<\/p>\n<p style=\"text-align: center;\"><span style=\"color: #0000ff;\"><a href=\"https:\/\/docs.google.com\/forms\/d\/e\/1FAIpQLSc-m-7R74C0epvk6sbJeTzpQpKm_E0MCP1aoEiWOjCHIMOasw\/viewform?usp=dialog\" target=\"_blank\" rel=\"noopener\" style=\"color: #0000ff;\">PRE-REGISTRATION IS LIVE!<\/a><\/span><\/p>\n<p style=\"text-align: center;\"><span style=\"color: #000000;\">Please follow the link above to pre-register for Potrero 2026.<\/span><\/p>\n<p>[\/et_pb_text][et_pb_post_slider include_categories=&#8221;34&#8243; orderby=&#8221;rand&#8221; show_more_button=&#8221;off&#8221; content_source=&#8221;on&#8221; show_meta=&#8221;off&#8221; use_bg_overlay=&#8221;off&#8221; _builder_version=&#8221;4.27.6&#8243; _module_preset=&#8221;default&#8221; header_font_size=&#8221;28px&#8221; background_color=&#8221;RGBA(255,255,255,0)&#8221; text_orientation=&#8221;left&#8221; background_layout=&#8221;light&#8221; custom_margin=&#8221;2px||2px||false|false&#8221; custom_padding=&#8221;0px||25px||false|false&#8221; global_colors_info=&#8221;{}&#8221;][\/et_pb_post_slider][\/et_pb_column][\/et_pb_row][et_pb_row column_structure=&#8221;1_3,1_3,1_3&#8243; disabled_on=&#8221;off|off|off&#8221; _builder_version=&#8221;4.27.4&#8243; _module_preset=&#8221;default&#8221; custom_margin=&#8221;2px||2px||false|false&#8221; custom_padding=&#8221;8px||8px||false|false&#8221; global_colors_info=&#8221;{}&#8221;][et_pb_column type=&#8221;1_3&#8243; _builder_version=&#8221;4.24.0&#8243; _module_preset=&#8221;default&#8221; global_colors_info=&#8221;{}&#8221;][et_pb_heading title=&#8221;Registration Prices&#8221; _builder_version=&#8221;4.27.4&#8243; _module_preset=&#8221;default&#8221; title_font=&#8221;Merriweather||||||||&#8221; title_text_align=&#8221;center&#8221; custom_margin=&#8221;2px||2px||false|false&#8221; custom_padding=&#8221;0px||0px||false|false&#8221; global_colors_info=&#8221;{}&#8221;][\/et_pb_heading][et_pb_accordion open_toggle_text_color=&#8221;#000000&#8243; open_toggle_background_color=&#8221;RGBA(255,255,255,0)&#8221; closed_toggle_text_color=&#8221;#28643c&#8221; icon_color=&#8221;rgba(40,100,60,0.5)&#8221; _builder_version=&#8221;4.27.6&#8243; _module_preset=&#8221;default&#8221; toggle_text_color=&#8221;#000000&#8243; toggle_font=&#8221;|700|||||||&#8221; background_color=&#8221;RGBA(255,255,255,0)&#8221; custom_margin=&#8221;2px||2px||false|false&#8221; custom_padding=&#8221;0px||0px||false|false&#8221; hover_enabled=&#8221;0&#8243; border_width_all=&#8221;0px&#8221; global_colors_info=&#8221;{}&#8221; sticky_enabled=&#8221;0&#8243;][et_pb_accordion_item title=&#8221;Paid by 5\/1&#8243; _builder_version=&#8221;4.27.5&#8243; _module_preset=&#8221;default&#8221; background_color=&#8221;RGBA(255,255,255,0)&#8221; background_enable_color=&#8221;on&#8221; custom_margin=&#8221;2px||2px||false|false&#8221; custom_padding=&#8221;8px||8px||false|false&#8221; global_colors_info=&#8221;{}&#8221; toggle_font=&#8221;Merriweather||||||||&#8221; open=&#8221;off&#8221;]<\/p>\n<p>Member: $80<br \/>Non-Member: $90<br \/>Child 12-17: $40<br \/>Child &lt;12: $0<\/p>\n<p>[\/et_pb_accordion_item][et_pb_accordion_item title=&#8221;At Gate (cash only)&#8221; _builder_version=&#8221;4.27.5&#8243; _module_preset=&#8221;default&#8221; background_color=&#8221;RGBA(255,255,255,0)&#8221; background_enable_color=&#8221;on&#8221; custom_margin=&#8221;2px||2px||false|false&#8221; custom_padding=&#8221;8px||8px||false|false&#8221; global_colors_info=&#8221;{}&#8221; toggle_font=&#8221;Merriweather||||||||&#8221; open=&#8221;off&#8221;]<\/p>\n<p>Member: $85<br \/>Non-Member: $95<br \/>Child 12-17: $40<br \/>Child &lt;12: $0<br \/>Day Trip Adult Member (Thu-Sat): $30<br \/>Day Trip Adult Member (Sun): $20<br \/>Day Trip Adult Non-Member (Thu-Sat): $40<br \/>Day Trip Adult Non-Member (Sun): $30<br \/>Day Trip 12-17 (Thu-Sat): $15<br \/>Day Trip 12-17 (Sun; 0-11 all): $0<\/p>\n<p>[\/et_pb_accordion_item][\/et_pb_accordion][\/et_pb_column][et_pb_column type=&#8221;1_3&#8243; _builder_version=&#8221;4.24.0&#8243; _module_preset=&#8221;default&#8221; global_colors_info=&#8221;{}&#8221;][et_pb_heading title=&#8221;Gate Hours&#8221; _builder_version=&#8221;4.27.4&#8243; _module_preset=&#8221;default&#8221; title_font=&#8221;Merriweather||||||||&#8221; title_text_align=&#8221;center&#8221; custom_margin=&#8221;2px||2px||false|false&#8221; custom_padding=&#8221;0px||0px||false|false&#8221; global_colors_info=&#8221;{}&#8221;][\/et_pb_heading][et_pb_text _builder_version=&#8221;4.27.5&#8243; _module_preset=&#8221;default&#8221; text_font=&#8221;||||||||&#8221; global_colors_info=&#8221;{}&#8221;]<\/p>\n<ul>\n<li><strong>Thursday<\/strong>\u00a0&#8211; noon* to midnight<\/li>\n<li><strong>Friday <\/strong>&#8211; 8am &#8211; 10pm<\/li>\n<li><strong>Saturday <\/strong>&#8211; 8am-8pm<\/li>\n<li><strong>Sunday <\/strong>&#8211; 8am-2pm<\/li>\n<\/ul>\n<p>*pre-registered attendees may enter as early as 10am on Thursday<\/p>\n<p>[\/et_pb_text][et_pb_text _builder_version=&#8221;4.27.4&#8243; _module_preset=&#8221;default&#8221; text_font=&#8221;||||||||&#8221; global_colors_info=&#8221;{}&#8221;]<\/p>\n<p>Gate will be closing overnight.<\/p>\n<p><strong>If you first arrive while gate is closed, you will be not be allowed to enter!<\/strong><\/p>\n<p>To relieve strain on our volunteer staff, we will be closing the gate during hours that have not had gate traffic in recent years.\u00a0 Attendees will only be allowed entry during these hours with a valid 2025 camping site token. <strong>Please plan to arrive for check-in when gate is open.<\/strong><\/p>\n<p>[\/et_pb_text][\/et_pb_column][et_pb_column type=&#8221;1_3&#8243; _builder_version=&#8221;4.24.0&#8243; _module_preset=&#8221;default&#8221; global_colors_info=&#8221;{}&#8221;][et_pb_heading title=&#8221;Shower Truck Hours&#8221; _builder_version=&#8221;4.27.4&#8243; _module_preset=&#8221;default&#8221; title_font=&#8221;Merriweather||||||||&#8221; title_text_align=&#8221;center&#8221; custom_margin=&#8221;2px||2px||false|false&#8221; custom_padding=&#8221;0px||0px||false|false&#8221; global_colors_info=&#8221;{}&#8221;][\/et_pb_heading][et_pb_text _builder_version=&#8221;4.27.4&#8243; _module_preset=&#8221;default&#8221; text_font=&#8221;||||||||&#8221; global_colors_info=&#8221;{}&#8221;]<\/p>\n<p><b>Shower Trucks will be open daily from 8am &#8211; 11am and 3pm &#8211; 6pm.<\/b><\/p>\n<p>The trucks may be subject to closure if the tanks fill before our vendor is able to service.\u00a0 There are 24-hour coin-operated showers in Sleepy Hollow.<\/p>\n<p>[\/et_pb_text][\/et_pb_column][\/et_pb_row][et_pb_row column_structure=&#8221;1_2,1_2&#8243; disabled_on=&#8221;off|off|off&#8221; _builder_version=&#8221;4.27.4&#8243; _module_preset=&#8221;default&#8221; global_colors_info=&#8221;{}&#8221;][et_pb_column type=&#8221;1_2&#8243; _builder_version=&#8221;4.24.0&#8243; _module_preset=&#8221;default&#8221; global_colors_info=&#8221;{}&#8221;][et_pb_blurb title=&#8221;FAQs&#8221; url=&#8221;https:\/\/places.sca-caid.org\/potrero\/faq\/&#8221; image=&#8221;http:\/\/places.sca-caid.org\/potrero\/wp-content\/uploads\/sites\/22\/2024\/01\/campfire-150&#215;150.png&#8221; _builder_version=&#8221;4.27.4&#8243; _module_preset=&#8221;default&#8221; header_font=&#8221;Merriweather|700|||||||&#8221; body_font=&#8221;Merriweather Sans||||||||&#8221; text_orientation=&#8221;center&#8221; child_filter_sepia=&#8221;25%&#8221; global_colors_info=&#8221;{}&#8221;]<\/p>\n<p><span>Read about Park Regulations and explore our Frequently Asked Questions.<\/span><\/p>\n<p>[\/et_pb_blurb][\/et_pb_column][et_pb_column type=&#8221;1_2&#8243; _builder_version=&#8221;4.24.0&#8243; _module_preset=&#8221;default&#8221; global_colors_info=&#8221;{}&#8221;][et_pb_blurb title=&#8221;Meet the Staff&#8221; url=&#8221;https:\/\/places.sca-caid.org\/potrero\/home\/staff_emails\/&#8221; image=&#8221;http:\/\/places.sca-caid.org\/potrero\/wp-content\/uploads\/sites\/22\/2024\/01\/coronets-150&#215;150.jpg&#8221; disabled_on=&#8221;off|off|off&#8221; _builder_version=&#8221;4.27.6&#8243; _module_preset=&#8221;default&#8221; header_font=&#8221;Merriweather|700|||||||&#8221; body_font=&#8221;Merriweather Sans||||||||&#8221; text_orientation=&#8221;center&#8221; child_filter_sepia=&#8221;25%&#8221; hover_enabled=&#8221;0&#8243; border_radii_image=&#8221;on|5px|5px|5px|5px&#8221; global_colors_info=&#8221;{}&#8221; sticky_enabled=&#8221;0&#8243;]<\/p>\n<p><span>From Their Excellencies and Baronial Officers to the various Event Stewards, meet the people behind Potrero War.<\/span><\/p>\n<p>[\/et_pb_blurb][\/et_pb_column][\/et_pb_row][\/et_pb_section]<\/p>\n","protected":false},"excerpt":{"rendered":"<p>24800 Potrero Park Dr, Potrero, CA 91963G\u00f3\u00f0an dag, good Gentles of Caid and visitors from Lands the Known World over! On behalf of Their Excellencies, \u00deorsteinn and Asa, we welcome and invite you to attend Potrero War 2025! This year\u2019s theme is Raising a Viking Village, celebrating the intriguing and complex lives of Viking and [&hellip;]<\/p>\n","protected":false},"author":13,"featured_media":0,"parent":0,"menu_order":0,"comment_status":"closed","ping_status":"closed","template":"","meta":{"_et_pb_use_builder":"on","_et_pb_old_content":"","_et_gb_content_width":"","footnotes":""},"difl_page_category":[],"class_list":["post-1722","page","type-page","status-publish","hentry"],"_links":{"self":[{"href":"https:\/\/places.sca-caid.org\/potrero\/wp-json\/wp\/v2\/pages\/1722","targetHints":{"allow":["GET"]}}],"collection":[{"href":"https:\/\/places.sca-caid.org\/potrero\/wp-json\/wp\/v2\/pages"}],"about":[{"href":"https:\/\/places.sca-caid.org\/potrero\/wp-json\/wp\/v2\/types\/page"}],"author":[{"embeddable":true,"href":"https:\/\/places.sca-caid.org\/potrero\/wp-json\/wp\/v2\/users\/13"}],"replies":[{"embeddable":true,"href":"https:\/\/places.sca-caid.org\/potrero\/wp-json\/wp\/v2\/comments?post=1722"}],"version-history":[{"count":25,"href":"https:\/\/places.sca-caid.org\/potrero\/wp-json\/wp\/v2\/pages\/1722\/revisions"}],"predecessor-version":[{"id":1874,"href":"https:\/\/places.sca-caid.org\/potrero\/wp-json\/wp\/v2\/pages\/1722\/revisions\/1874"}],"wp:attachment":[{"href":"https:\/\/places.sca-caid.org\/potrero\/wp-json\/wp\/v2\/media?parent=1722"}],"wp:term":[{"taxonomy":"difl_page_category","embeddable":true,"href":"https:\/\/places.sca-caid.org\/potrero\/wp-json\/wp\/v2\/difl_page_category?post=1722"}],"curies":[{"name":"wp","href":"https:\/\/api.w.org\/{rel}","templated":true}]}}