{"id":395,"date":"2022-04-09T20:09:52","date_gmt":"2022-04-09T20:09:52","guid":{"rendered":"http:\/\/places.sca-caid.org\/barony\/?page_id=395"},"modified":"2025-11-30T11:09:51","modified_gmt":"2025-11-30T04:09:51","slug":"baronage","status":"publish","type":"page","link":"https:\/\/places.sca-caid.org\/nordwache\/baronage\/","title":{"rendered":"Baronage"},"content":{"rendered":"<p>[et_pb_section fb_built=&#8221;1&#8243; admin_label=&#8221;Meet our officers&#8221; _builder_version=&#8221;4.27.4&#8243; background_color_gradient_direction=&#8221;105deg&#8221; min_height=&#8221;117.2px&#8221; custom_margin=&#8221;|||&#8221; custom_padding=&#8221;36px|0px|36px|0px|true|&#8221; locked=&#8221;off&#8221; global_colors_info=&#8221;{}&#8221;][et_pb_row _builder_version=&#8221;4.27.4&#8243; module_alignment=&#8221;center&#8221; custom_padding=&#8221;0px||0px|||&#8221; global_colors_info=&#8221;{}&#8221;][et_pb_column type=&#8221;4_4&#8243; _builder_version=&#8221;4.16&#8243; custom_padding=&#8221;|||&#8221; global_colors_info=&#8221;{}&#8221; custom_padding__hover=&#8221;|||&#8221;][et_pb_text _builder_version=&#8221;4.27.4&#8243; text_font=&#8221;Almendra||||||||&#8221; text_text_color=&#8221;#000000&#8243; text_font_size=&#8221;18px&#8221; text_line_height=&#8221;1.8em&#8221; header_font=&#8221;Almendra Display|600|||||||&#8221; header_text_color=&#8221;#E09900&#8243; header_font_size=&#8221;48px&#8221; header_line_height=&#8221;1.4em&#8221; header_3_font=&#8221;Poppins|600|||||||&#8221; header_3_font_size=&#8221;36px&#8221; header_3_line_height=&#8221;1.4em&#8221; background_layout=&#8221;dark&#8221; max_width=&#8221;600px&#8221; module_alignment=&#8221;center&#8221; custom_margin=&#8221;|||&#8221; custom_padding=&#8221;||0px|||&#8221; global_colors_info=&#8221;{}&#8221;]<\/p>\n<h1 style=\"text-align: center;\"><strong>Baronage<\/strong><\/h1>\n<p>[\/et_pb_text][\/et_pb_column][\/et_pb_row][\/et_pb_section][et_pb_section fb_built=&#8221;1&#8243; _builder_version=&#8221;4.27.4&#8243; background_color=&#8221;#f7f7f7&#8243; background_image=&#8221;http:\/\/places.sca-caid.org\/nordwache\/wp-content\/uploads\/sites\/4\/2025\/02\/papyrus-texture-scaled.jpg&#8221; top_divider_style=&#8221;wave2&#8243; top_divider_color=&#8221;#0C71C3&#8243; top_divider_height=&#8221;34px&#8221; global_colors_info=&#8221;{}&#8221;][et_pb_row column_structure=&#8221;1_3,2_3&#8243; disabled_on=&#8221;off|off|off&#8221; _builder_version=&#8221;4.27.4&#8243; background_size=&#8221;initial&#8221; background_position=&#8221;top_left&#8221; background_repeat=&#8221;repeat&#8221; min_height=&#8221;1039.1px&#8221; custom_padding=&#8221;48px|||||&#8221; locked=&#8221;off&#8221; global_colors_info=&#8221;{}&#8221;][et_pb_column type=&#8221;1_3&#8243; _builder_version=&#8221;4.16&#8243; custom_padding=&#8221;|||&#8221; global_colors_info=&#8221;{}&#8221; custom_padding__hover=&#8221;|||&#8221;][et_pb_image src=&#8221;http:\/\/places.sca-caid.org\/nordwache\/wp-content\/uploads\/sites\/4\/2023\/11\/Lady-Siri.jpg&#8221; title_text=&#8221;Lady Siri&#8221; _builder_version=&#8221;4.27.4&#8243; _module_preset=&#8221;default&#8221; global_colors_info=&#8221;{}&#8221;][\/et_pb_image][et_pb_image src=&#8221;http:\/\/places.sca-caid.org\/nordwache\/wp-content\/uploads\/sites\/4\/2025\/01\/SIRI-DEVICE-300&#215;300.png&#8221; alt=&#8221;Checky argent and sable, on a mullet of eight points Or an annulet sable&#8221; title_text=&#8221;SIRI DEVICE&#8221; _builder_version=&#8221;4.27.4&#8243; _module_preset=&#8221;default&#8221; border_radii=&#8221;on|10px|10px|10px|10px&#8221; box_shadow_style=&#8221;preset2&#8243; global_colors_info=&#8221;{}&#8221;][\/et_pb_image][\/et_pb_column][et_pb_column type=&#8221;2_3&#8243; _builder_version=&#8221;4.16&#8243; custom_padding=&#8221;|||&#8221; global_colors_info=&#8221;{}&#8221; custom_padding__hover=&#8221;|||&#8221;][et_pb_text _builder_version=&#8221;4.27.4&#8243; header_text_color=&#8221;#E09900&#8243; header_font_size=&#8221;48px&#8221; background_size=&#8221;initial&#8221; background_position=&#8221;top_left&#8221; background_repeat=&#8221;repeat&#8221; hover_enabled=&#8221;0&#8243; inline_fonts=&#8221;Aboreto&#8221; global_colors_info=&#8221;{}&#8221; sticky_enabled=&#8221;0&#8243;]<\/p>\n<h1 id=\"firstHeading\" class=\"firstHeading\" lang=\"en\">Baroness<\/h1>\n<h3><strong><span style=\"font-family: Aboreto; font-size: large;\">Her excellency Sigr\u00ed\u00f0r hv\u00edta refr<\/span><\/strong><\/h3>\n<p>Also known as<span style=\"font-family: Aboreto; font-weight: normal; font-size: large;\"><\/span><\/p>\n<h3><strong><span style=\"font-family: Aboreto; font-size: large;\">Siri Hvita Refer<\/span><\/strong><\/h3>\n<h3><strong><span style=\"font-size: large; font-family: Aboreto;\">Email: <a href=\"mailto:Baroness@Nordwache.sca-caid.org\">Baroness@Nordwache.sca-caid.org<\/a><\/span><\/strong><\/h3>\n<p><span style=\"font-family: Aboreto; font-weight: normal; font-size: large;\"><\/span><\/p>\n<p>Personal Preferences<google-sheets-html-origin><\/google-sheets-html-origin><\/p>\n<table xmlns=\"http:\/\/www.w3.org\/1999\/xhtml\" cellspacing=\"0\" cellpadding=\"0\" dir=\"ltr\" border=\"1\" data-sheets-root=\"1\" data-sheets-baot=\"1\" style=\"height: 406px; border-style: solid; width: 671px; margin-left: auto; margin-right: auto;\" width=\"671\" height=\"426\">\n<colgroup>\n<col width=\"100\" \/>\n<col width=\"148\" \/>\n<col width=\"100\" \/><\/colgroup>\n<tbody>\n<tr style=\"height: 34px;\">\n<td style=\"text-align: center; vertical-align: middle; width: 181.363px; height: 34px; border-style: solid; border-color: #000000;\"><\/td>\n<td style=\"text-align: center; vertical-align: middle; width: 266.913px; height: 34px; border-style: solid; border-color: #000000;\"><strong>LIKES<\/strong><\/td>\n<td style=\"text-align: center; vertical-align: middle; width: 216.325px; height: 34px; border-style: solid; border-color: #000000;\"><strong>DISLIKES<\/strong><\/td>\n<\/tr>\n<tr style=\"height: 34px;\">\n<td style=\"text-align: center; vertical-align: middle; width: 181.363px; height: 34px; border-style: solid; border-color: #000000;\"><strong>Beverage<\/strong><\/td>\n<td style=\"text-align: center; vertical-align: middle; width: 266.913px; height: 34px; border-style: solid; border-color: #000000;\">coke, water, sekanjabin<\/td>\n<td style=\"text-align: center; vertical-align: middle; width: 216.325px; height: 34px; border-style: solid; border-color: #000000;\">Pepsi<\/td>\n<\/tr>\n<tr style=\"height: 34px;\">\n<td style=\"text-align: center; vertical-align: middle; width: 181.363px; height: 34px; border-style: solid; border-color: #000000;\"><strong>Sweet Snack<\/strong><\/td>\n<td style=\"text-align: center; vertical-align: middle; width: 266.913px; height: 34px; border-style: solid; border-color: #000000;\">chocolate, w\/nuts<\/td>\n<td style=\"text-align: center; vertical-align: middle; width: 216.325px; height: 34px; border-style: solid; border-color: #000000;\"><\/td>\n<\/tr>\n<tr style=\"height: 34px;\">\n<td style=\"text-align: center; vertical-align: middle; width: 181.363px; height: 34px; border-style: solid; border-color: #000000;\"><strong>Savory Snack<\/strong><\/td>\n<td style=\"text-align: center; vertical-align: middle; width: 266.913px; height: 34px; border-style: solid; border-color: #000000;\">meat and cheese sticks<\/td>\n<td style=\"text-align: center; vertical-align: middle; width: 216.325px; height: 34px; border-style: solid; border-color: #000000;\"><\/td>\n<\/tr>\n<tr style=\"height: 34px;\">\n<td style=\"text-align: center; vertical-align: middle; width: 181.363px; height: 34px; border-style: solid; border-color: #000000;\"><strong>Salty Snack<\/strong><\/td>\n<td style=\"text-align: center; vertical-align: middle; width: 266.913px; height: 34px; border-style: solid; border-color: #000000;\">wheat thins<\/td>\n<td style=\"text-align: center; vertical-align: middle; width: 216.325px; height: 34px; border-style: solid; border-color: #000000;\"><\/td>\n<\/tr>\n<tr style=\"height: 34px;\">\n<td style=\"text-align: center; vertical-align: middle; width: 181.363px; height: 34px; border-style: solid; border-color: #000000;\"><strong>Favorite Chips<\/strong><\/td>\n<td style=\"text-align: center; vertical-align: middle; width: 266.913px; height: 34px; border-style: solid; border-color: #000000;\">Salt &amp; Vinager<\/td>\n<td style=\"text-align: center; vertical-align: middle; width: 216.325px; height: 34px; border-style: solid; border-color: #000000;\"><\/td>\n<\/tr>\n<tr style=\"height: 67px;\">\n<td style=\"text-align: center; vertical-align: middle; width: 181.363px; height: 67px; border-style: solid; border-color: #000000;\"><strong>Prefers<\/strong><\/td>\n<td style=\"text-align: center; vertical-align: middle; width: 266.913px; height: 67px; border-style: solid; border-color: #000000;\">Sweet nuts (Honey roasted over salted) chocolate deserts<\/td>\n<td style=\"text-align: center; vertical-align: middle; width: 216.325px; height: 67px; border-style: solid; border-color: #000000;\">Raw broccoli, dark liquors,spicy foods<\/td>\n<\/tr>\n<tr style=\"height: 67px;\">\n<td style=\"text-align: center; vertical-align: middle; width: 181.363px; height: 67px; border-style: solid; border-color: #000000;\"><strong>Protein<\/strong><\/td>\n<td style=\"text-align: center; vertical-align: middle; width: 266.913px; height: 67px; border-style: solid; border-color: #000000;\">no obversions, Ceviche is a favorite dish<\/td>\n<td style=\"text-align: center; vertical-align: middle; width: 216.325px; height: 67px; border-style: solid; border-color: #000000;\"><\/td>\n<\/tr>\n<tr style=\"height: 34px;\">\n<td style=\"text-align: center; vertical-align: middle; width: 181.363px; height: 34px; border-style: solid; border-color: #000000;\"><strong>General<\/strong><\/td>\n<td style=\"text-align: center; vertical-align: middle; width: 266.913px; height: 34px; border-style: solid; border-color: #000000;\">natural scents and Honey by Pink<\/td>\n<td style=\"text-align: center; vertical-align: middle; width: 216.325px; height: 34px; border-style: solid; border-color: #000000;\"><\/td>\n<\/tr>\n<tr style=\"height: 34px;\">\n<td style=\"text-align: center; vertical-align: middle; width: 181.363px; height: 34px; border-style: solid; border-color: #000000;\"><strong>Colors<\/strong><\/td>\n<td style=\"text-align: center; vertical-align: middle; width: 266.913px; height: 34px; border-style: solid; border-color: #000000;\">Black\/Yellow or Teal\/purple<\/td>\n<td style=\"text-align: center; vertical-align: middle; width: 216.325px; height: 34px; border-style: solid; border-color: #000000;\"><\/td>\n<\/tr>\n<\/tbody>\n<\/table>\n<p>No Allergies<\/p>\n<p>[\/et_pb_text][\/et_pb_column][\/et_pb_row][et_pb_row column_structure=&#8221;1_3,2_3&#8243; disabled_on=&#8221;off|off|off&#8221; _builder_version=&#8221;4.27.4&#8243; background_size=&#8221;initial&#8221; background_position=&#8221;top_left&#8221; background_repeat=&#8221;repeat&#8221; min_height=&#8221;1039.1px&#8221; custom_padding=&#8221;48px|||||&#8221; locked=&#8221;off&#8221; global_colors_info=&#8221;{}&#8221;][et_pb_column type=&#8221;1_3&#8243; _builder_version=&#8221;4.16&#8243; custom_padding=&#8221;|||&#8221; global_colors_info=&#8221;{}&#8221; custom_padding__hover=&#8221;|||&#8221;][et_pb_image src=&#8221;http:\/\/places.sca-caid.org\/nordwache\/wp-content\/uploads\/sites\/4\/2025\/01\/Gurin-Bodo.jpg&#8221; title_text=&#8221;Gurin Bodo&#8221; _builder_version=&#8221;4.27.4&#8243; _module_preset=&#8221;default&#8221; global_colors_info=&#8221;{}&#8221;][\/et_pb_image][et_pb_image src=&#8221;http:\/\/places.sca-caid.org\/nordwache\/wp-content\/uploads\/sites\/4\/2025\/01\/gurin-bodo-device-300&#215;300.png&#8221; alt=&#8221;Per bend gules and argent, a bear statant and a bow counterchanged.&#8221; title_text=&#8221;gurin bodo device&#8221; _builder_version=&#8221;4.27.4&#8243; _module_preset=&#8221;default&#8221; border_radii=&#8221;on|10px|10px|10px|10px&#8221; box_shadow_style=&#8221;preset2&#8243; global_colors_info=&#8221;{}&#8221;][\/et_pb_image][\/et_pb_column][et_pb_column type=&#8221;2_3&#8243; _builder_version=&#8221;4.16&#8243; custom_padding=&#8221;|||&#8221; global_colors_info=&#8221;{}&#8221; custom_padding__hover=&#8221;|||&#8221;][et_pb_text _builder_version=&#8221;4.27.4&#8243; header_text_color=&#8221;#E09900&#8243; header_font_size=&#8221;48px&#8221; background_size=&#8221;initial&#8221; background_position=&#8221;top_left&#8221; background_repeat=&#8221;repeat&#8221; hover_enabled=&#8221;0&#8243; global_colors_info=&#8221;{}&#8221; sticky_enabled=&#8221;0&#8243;]<\/p>\n<h1 id=\"firstHeading\" class=\"firstHeading\" lang=\"en\">Baron<\/h1>\n<p><strong><span style=\"font-size: large; font-family: Aboreto;\">His excellency Gurin Bodo<\/span><\/strong><\/p>\n<p><strong><span style=\"font-size: large; font-family: Aboreto;\">Email:<a href=\"mailto:Baron@nordwache.sca-caid.org\"> Baron@Nordwache.sca-caid.org<\/a><\/span><\/strong><\/p>\n<p>Personal Preferences<\/p>\n<table xmlns=\"http:\/\/www.w3.org\/1999\/xhtml\" cellspacing=\"0\" cellpadding=\"0\" dir=\"ltr\" border=\"1\" data-sheets-root=\"1\" data-sheets-baot=\"1\" style=\"height: 370px; border-style: solid; width: 671px; margin-left: auto; margin-right: auto;\" width=\"671\" height=\"426\">\n<colgroup>\n<col width=\"100\" \/>\n<col width=\"148\" \/>\n<col width=\"100\" \/><\/colgroup>\n<tbody>\n<tr style=\"height: 36px;\">\n<td style=\"text-align: center; vertical-align: middle; width: 182.391px; height: 36px; border-style: solid; border-color: #000000;\"><\/td>\n<td style=\"text-align: center; vertical-align: middle; width: 264.875px; height: 36px; border-style: solid; border-color: #000000;\"><strong>LIKES<\/strong><\/td>\n<td style=\"text-align: center; vertical-align: middle; width: 215.734px; height: 36px; border-style: solid; border-color: #000000;\"><strong>DISLIKE<\/strong><\/td>\n<\/tr>\n<tr style=\"height: 36px;\">\n<td style=\"text-align: center; vertical-align: middle; width: 182.391px; height: 36px; border-style: solid; border-color: #000000;\"><strong>Beverage<\/strong><\/td>\n<td style=\"text-align: center; vertical-align: middle; width: 264.875px; height: 36px; border-style: solid; border-color: #000000;\">Zero &gt; Diet &gt; Sugar<\/td>\n<td style=\"text-align: center; vertical-align: middle; width: 215.734px; height: 36px; border-style: solid; border-color: #000000;\"><\/td>\n<\/tr>\n<tr style=\"height: 36px;\">\n<td style=\"text-align: center; vertical-align: middle; width: 182.391px; height: 36px; border-style: solid; border-color: #000000;\"><strong>Sweet Snack<\/strong><\/td>\n<td style=\"text-align: center; vertical-align: middle; width: 264.875px; height: 36px; border-style: solid; border-color: #000000;\"><span data-sheets-root=\"1\">open<\/span><\/td>\n<td style=\"text-align: center; vertical-align: middle; width: 215.734px; height: 36px; border-style: solid; border-color: #000000;\"><\/td>\n<\/tr>\n<tr style=\"height: 36px;\">\n<td style=\"text-align: center; vertical-align: middle; width: 182.391px; height: 36px; border-style: solid; border-color: #000000;\"><strong>Savory Snack<\/strong><\/td>\n<td style=\"text-align: center; vertical-align: middle; width: 264.875px; height: 36px; border-style: solid; border-color: #000000;\"><span data-sheets-root=\"1\">perfers jerky or nuts<\/span><\/td>\n<td style=\"text-align: center; vertical-align: middle; width: 215.734px; height: 36px; border-style: solid; border-color: #000000;\"><\/td>\n<\/tr>\n<tr style=\"height: 36px;\">\n<td style=\"text-align: center; vertical-align: middle; width: 182.391px; height: 36px; border-style: solid; border-color: #000000;\"><strong>Salty Snack<\/strong><\/td>\n<td style=\"text-align: center; vertical-align: middle; width: 264.875px; height: 36px; border-style: solid; border-color: #000000;\">jerky or nuts<\/td>\n<td style=\"text-align: center; vertical-align: middle; width: 215.734px; height: 36px; border-style: solid; border-color: #000000;\"><\/td>\n<\/tr>\n<tr style=\"height: 36px;\">\n<td style=\"text-align: center; vertical-align: middle; width: 182.391px; height: 36px; border-style: solid; border-color: #000000;\"><strong>Favorite Chips<\/strong><\/td>\n<td style=\"text-align: center; vertical-align: middle; width: 264.875px; height: 36px; border-style: solid; border-color: #000000;\">up for trying most chips<\/td>\n<td style=\"text-align: center; vertical-align: middle; width: 215.734px; height: 36px; border-style: solid; border-color: #000000;\"><\/td>\n<\/tr>\n<tr style=\"height: 72px;\">\n<td style=\"text-align: center; vertical-align: middle; width: 182.391px; height: 72px; border-style: solid; border-color: #000000;\"><strong>Prefers<\/strong><\/td>\n<td style=\"text-align: center; vertical-align: middle; width: 264.875px; height: 72px; border-style: solid; border-color: #000000;\">I prefer to try new things and share things I receive<\/td>\n<td style=\"text-align: center; vertical-align: middle; width: 215.734px; height: 72px; border-style: solid; border-color: #000000;\"><\/td>\n<\/tr>\n<tr style=\"height: 36px;\">\n<td style=\"text-align: center; vertical-align: middle; width: 182.391px; height: 36px; border-style: solid; border-color: #000000;\"><strong>Protein<\/strong><\/td>\n<td style=\"text-align: center; vertical-align: middle; width: 264.875px; height: 36px; border-style: solid; border-color: #000000;\">willing to try about anything<\/td>\n<td style=\"text-align: center; vertical-align: middle; width: 215.734px; height: 36px; border-style: solid; border-color: #000000;\">snails<\/td>\n<\/tr>\n<tr style=\"height: 36px;\">\n<td style=\"text-align: center; vertical-align: middle; width: 182.391px; height: 36px; border-style: solid; border-color: #000000;\"><strong>General<\/strong><\/td>\n<td style=\"text-align: center; vertical-align: middle; width: 264.875px; height: 36px; border-style: solid; border-color: #000000;\"><\/td>\n<td style=\"text-align: center; vertical-align: middle; width: 215.734px; height: 36px; border-style: solid; border-color: #000000;\"><\/td>\n<\/tr>\n<tr style=\"height: 10px;\">\n<td style=\"text-align: center; vertical-align: middle; width: 182.391px; height: 10px; border-style: solid; border-color: #000000;\"><strong>Colors<\/strong><\/td>\n<td style=\"text-align: center; vertical-align: middle; width: 264.875px; height: 10px; border-style: solid; border-color: #000000;\">very open looks good in reds<\/td>\n<td style=\"text-align: center; vertical-align: middle; width: 215.734px; height: 10px; border-style: solid; border-color: #000000;\"><\/td>\n<\/tr>\n<\/tbody>\n<\/table>\n<p><google-sheets-html-origin>No Alergies<\/google-sheets-html-origin><\/p>\n<p>[\/et_pb_text][\/et_pb_column][\/et_pb_row][et_pb_row _builder_version=&#8221;4.27.4&#8243; _module_preset=&#8221;default&#8221; global_colors_info=&#8221;{}&#8221;][et_pb_column type=&#8221;4_4&#8243; _builder_version=&#8221;4.27.4&#8243; _module_preset=&#8221;default&#8221; global_colors_info=&#8221;{}&#8221;][et_pb_code _builder_version=&#8221;4.27.4&#8243; _module_preset=&#8221;default&#8221; global_colors_info=&#8221;{}&#8221;]<iframe loading=\"lazy\" src=\"https:\/\/calendar.google.com\/calendar\/embed?height=600&#038;wkst=1&#038;ctz=America%2FLos_Angeles&#038;showPrint=0&#038;mode=AGENDA&#038;src=Y181OWYzNWM3ZDMwNzVlZWMxYjNmYTU5ZjdmYjA5OGJmNGM2OGQyNzRlNGYyMmEyYjBhNWMzNGI0NjAxMzNiNWYwQGdyb3VwLmNhbGVuZGFyLmdvb2dsZS5jb20&#038;color=%238e24aa\" style=\"border:solid 1px #777\" width=\"800\" height=\"600\" frameborder=\"0\" scrolling=\"no\"><\/iframe>[\/et_pb_code][\/et_pb_column][\/et_pb_row][\/et_pb_section]<\/p>\n","protected":false},"excerpt":{"rendered":"<p>BaronageBaroness Her excellency Sigr\u00ed\u00f0r hv\u00edta refr Also known as Siri Hvita Refer Email: Baroness@Nordwache.sca-caid.org Personal Preferences LIKES DISLIKES Beverage coke, water, sekanjabin Pepsi Sweet Snack chocolate, w\/nuts Savory Snack meat and cheese sticks Salty Snack wheat thins Favorite Chips Salt &amp; Vinager Prefers Sweet nuts (Honey roasted over salted) chocolate deserts Raw broccoli, dark liquors,spicy [&hellip;]<\/p>\n","protected":false},"author":1,"featured_media":0,"parent":0,"menu_order":0,"comment_status":"closed","ping_status":"closed","template":"","meta":{"_et_pb_use_builder":"on","_et_pb_old_content":"","_et_gb_content_width":"","footnotes":""},"difl_page_category":[],"class_list":["post-395","page","type-page","status-publish","hentry"],"jetpack_sharing_enabled":true,"_links":{"self":[{"href":"https:\/\/places.sca-caid.org\/nordwache\/wp-json\/wp\/v2\/pages\/395","targetHints":{"allow":["GET"]}}],"collection":[{"href":"https:\/\/places.sca-caid.org\/nordwache\/wp-json\/wp\/v2\/pages"}],"about":[{"href":"https:\/\/places.sca-caid.org\/nordwache\/wp-json\/wp\/v2\/types\/page"}],"author":[{"embeddable":true,"href":"https:\/\/places.sca-caid.org\/nordwache\/wp-json\/wp\/v2\/users\/1"}],"replies":[{"embeddable":true,"href":"https:\/\/places.sca-caid.org\/nordwache\/wp-json\/wp\/v2\/comments?post=395"}],"version-history":[{"count":8,"href":"https:\/\/places.sca-caid.org\/nordwache\/wp-json\/wp\/v2\/pages\/395\/revisions"}],"predecessor-version":[{"id":1032,"href":"https:\/\/places.sca-caid.org\/nordwache\/wp-json\/wp\/v2\/pages\/395\/revisions\/1032"}],"wp:attachment":[{"href":"https:\/\/places.sca-caid.org\/nordwache\/wp-json\/wp\/v2\/media?parent=395"}],"wp:term":[{"taxonomy":"difl_page_category","embeddable":true,"href":"https:\/\/places.sca-caid.org\/nordwache\/wp-json\/wp\/v2\/difl_page_category?post=395"}],"curies":[{"name":"wp","href":"https:\/\/api.w.org\/{rel}","templated":true}]}}