{"id":407,"date":"2022-04-09T20:13:17","date_gmt":"2022-04-09T20:13:17","guid":{"rendered":"http:\/\/places.sca-caid.org\/barony\/?page_id=407"},"modified":"2022-04-09T20:13:17","modified_gmt":"2022-04-09T20:13:17","slug":"awards","status":"publish","type":"page","link":"https:\/\/places.sca-caid.org\/lyondemere\/awards\/","title":{"rendered":"Awards"},"content":{"rendered":"<p>[et_pb_section fb_built=&#8221;1&#8243; fullwidth=&#8221;on&#8221; _builder_version=&#8221;4.16&#8243; background_color=&#8221;#2ea3f2&#8243; use_background_color_gradient=&#8221;on&#8221; background_color_gradient_direction=&#8221;330deg&#8221; background_color_gradient_stops=&#8221;#2ea3f2 0%|#2e6df4 100%&#8221; background_color_gradient_start=&#8221;#2ea3f2&#8243; background_color_gradient_end=&#8221;#2e6df4&#8243; bottom_divider_style=&#8221;arrow2&#8243; bottom_divider_color=&#8221;#FFFFFF&#8221; bottom_divider_height=&#8221;71px&#8221; global_colors_info=&#8221;{}&#8221;][et_pb_fullwidth_header title=&#8221;About Us&#8221; content_max_width=&#8221;none&#8221; _builder_version=&#8221;4.16&#8243; background_color=&#8221;#8B0000&#8243; use_background_color_gradient=&#8221;on&#8221; background_color_gradient_direction=&#8221;82deg&#8221; background_color_gradient_stops=&#8221;#8b0000 52%|#000000 100%&#8221; background_color_gradient_start=&#8221;#8b0000&#8243; background_color_gradient_start_position=&#8221;52%&#8221; background_color_gradient_end=&#8221;#000000&#8243; min_height=&#8221;112.8px&#8221; global_colors_info=&#8221;{}&#8221; button_one_text_size__hover_enabled=&#8221;off&#8221; button_two_text_size__hover_enabled=&#8221;off&#8221; button_one_text_color__hover_enabled=&#8221;off&#8221; button_two_text_color__hover_enabled=&#8221;off&#8221; button_one_border_width__hover_enabled=&#8221;off&#8221; button_two_border_width__hover_enabled=&#8221;off&#8221; button_one_border_color__hover_enabled=&#8221;off&#8221; button_two_border_color__hover_enabled=&#8221;off&#8221; button_one_border_radius__hover_enabled=&#8221;off&#8221; button_two_border_radius__hover_enabled=&#8221;off&#8221; button_one_letter_spacing__hover_enabled=&#8221;off&#8221; button_two_letter_spacing__hover_enabled=&#8221;off&#8221; button_one_bg_color__hover_enabled=&#8221;off&#8221; button_two_bg_color__hover_enabled=&#8221;off&#8221;][\/et_pb_fullwidth_header][\/et_pb_section][et_pb_section fb_built=&#8221;1&#8243; _builder_version=&#8221;4.16&#8243; background_color=&#8221;#f7f7f7&#8243; global_colors_info=&#8221;{}&#8221;][et_pb_row column_structure=&#8221;1_3,2_3&#8243; _builder_version=&#8221;4.16&#8243; background_size=&#8221;initial&#8221; background_position=&#8221;top_left&#8221; background_repeat=&#8221;repeat&#8221; global_colors_info=&#8221;{}&#8221;][et_pb_column type=&#8221;1_3&#8243; _builder_version=&#8221;4.16&#8243; custom_padding=&#8221;|||&#8221; global_colors_info=&#8221;{}&#8221; custom_padding__hover=&#8221;|||&#8221;][et_pb_text _builder_version=&#8221;4.16&#8243; background_size=&#8221;initial&#8221; background_position=&#8221;top_left&#8221; background_repeat=&#8221;repeat&#8221; global_colors_info=&#8221;{}&#8221;]<\/p>\n<h1>Baronial awards<\/h1>\n<p>Through great works in service, arts, or martial.\u00a0 inidviduals withing the society can earn awards.\u00a0 At the Kingdom level these awards can change titles, read more here.<\/p>\n<p>But at the regional level you can achieve awards amongst your group for similar feats of effort.\u00a0 Below is a list of current awards.\u00a0 To recommend an individual for an award you can email the Baronage <a href=\"mailto:baronage@angels.sca-caid.org\">here<\/a>.<\/p>\n<p>[\/et_pb_text][\/et_pb_column][et_pb_column type=&#8221;2_3&#8243; _builder_version=&#8221;4.16&#8243; custom_padding=&#8221;|||&#8221; global_colors_info=&#8221;{}&#8221; custom_padding__hover=&#8221;|||&#8221;][et_pb_image src=&#8221;http:\/\/places.sca-caid.org\/lyondemere\/wp-content\/uploads\/sites\/11\/2022\/10\/celebrating-peasants-painting.jpg&#8221; title_text=&#8221;celebrating-peasants-painting&#8221; align=&#8221;center&#8221; _builder_version=&#8221;4.18.0&#8243; _module_preset=&#8221;default&#8221; filter_saturate=&#8221;55%&#8221; filter_contrast=&#8221;131%&#8221; hover_enabled=&#8221;0&#8243; border_radii=&#8221;on|10px|10px|10px|10px&#8221; box_shadow_style=&#8221;preset2&#8243; global_colors_info=&#8221;{}&#8221; sticky_enabled=&#8221;0&#8243;][\/et_pb_image][\/et_pb_column][\/et_pb_row][\/et_pb_section][et_pb_section fb_built=&#8221;1&#8243; _builder_version=&#8221;4.16&#8243; global_colors_info=&#8221;{}&#8221;][et_pb_row column_structure=&#8221;1_3,1_3,1_3&#8243; _builder_version=&#8221;4.16&#8243; background_size=&#8221;initial&#8221; background_position=&#8221;top_left&#8221; background_repeat=&#8221;repeat&#8221; global_colors_info=&#8221;{}&#8221;][et_pb_column type=&#8221;1_3&#8243; _builder_version=&#8221;4.16&#8243; custom_padding=&#8221;|||&#8221; global_colors_info=&#8221;{}&#8221; custom_padding__hover=&#8221;|||&#8221;][et_pb_team_member name=&#8221;Order of the Athena&#8221; position=&#8221;Baronial Service Award&#8221; icon_color=&#8221;#2ea3f2&#8243; admin_label=&#8221;Team Member&#8221; _builder_version=&#8221;4.16&#8243; background_size=&#8221;initial&#8221; background_position=&#8221;top_left&#8221; background_repeat=&#8221;repeat&#8221; animation=&#8221;fade_in&#8221; link_option_url=&#8221;http:\/\/heralds.sca-caid.org\/op\/honor_members.php?AwardID=468&#8243; global_colors_info=&#8221;{}&#8221;]<\/p>\n<p>Established in 1974 by Baron Piers Howells de Cambria and Baroness Ximena Aubel de Cambria for service to the Barony.<br \/>Blazon:<em>\u00a0<\/em><em>Gules, the head of Pallas Athena couped and facing sinister argent wearing a full-faced crested Grecian helmet raised Or.<\/em><br \/>*Augmentation to the Order of Athena: Given by Their Excellencies to those whose outstanding service has continued after initial receipt of the Order of Athena.<\/p>\n<p>[\/et_pb_team_member][\/et_pb_column][et_pb_column type=&#8221;1_3&#8243; _builder_version=&#8221;4.16&#8243; custom_padding=&#8221;|||&#8221; global_colors_info=&#8221;{}&#8221; custom_padding__hover=&#8221;|||&#8221;][et_pb_team_member name=&#8221;Order of the Seraph&#8221; position=&#8221;Baronial Fighting Award&#8221; icon_color=&#8221;#2ea3f2&#8243; admin_label=&#8221;Team Member&#8221; _builder_version=&#8221;4.16&#8243; background_size=&#8221;initial&#8221; background_position=&#8221;top_left&#8221; background_repeat=&#8221;repeat&#8221; animation=&#8221;fade_in&#8221; link_option_url=&#8221;http:\/\/heralds.sca-caid.org\/op\/honor_members.php?AwardID=595&#8243; global_colors_info=&#8221;{}&#8221;]<\/p>\n<p><span>Established in 2003 by Baron Jason Thomas the Wanderer and Baroness Morgaine FitzStephen to recognize excellence in the martial arts.<\/span><br \/><span>Blazon:\u00a0<\/span><em>Gules, a seraph\u2019s head Or faced proper.<\/em><br \/><span>*Augmentation to the Order of the Seraph<\/span><strong>:<\/strong><span>\u00a0Given by Their Excellencies to those whose excellence upon the field of honor has continued after initial receipt of the Order of the Seraph.<\/span><\/p>\n<p>[\/et_pb_team_member][\/et_pb_column][et_pb_column type=&#8221;1_3&#8243; _builder_version=&#8221;4.16&#8243; custom_padding=&#8221;|||&#8221; global_colors_info=&#8221;{}&#8221; custom_padding__hover=&#8221;|||&#8221;][et_pb_team_member name=&#8221;Order of the Apollo&#8221; position=&#8221;Baronial Arts Award&#8221; icon_color=&#8221;#2ea3f2&#8243; admin_label=&#8221;Team Member&#8221; _builder_version=&#8221;4.18.0&#8243; background_size=&#8221;initial&#8221; background_position=&#8221;top_left&#8221; background_repeat=&#8221;repeat&#8221; animation=&#8221;fade_in&#8221; link_option_url=&#8221;http:\/\/heralds.sca-caid.org\/op\/honor_members.php?AwardID=472&#8243; hover_enabled=&#8221;0&#8243; global_colors_info=&#8221;{}&#8221; sticky_enabled=&#8221;0&#8243;]<\/p>\n<p><span>Established in 2005 by Baron Jason Thomas the Wanderer and Baroness Morgaine FitzStephen to recognize excellence in the Arts &amp; Sciences. These awards are specific to one art, so it is possible to receive more than one Apollo.<\/span><br \/><span>Blazon:\u00a0<\/span><em>Gules, a lyre Or within two wings conjoined argent.<\/em><br \/><span>*Augmentation to the Order of Apollo: Given by Their Excellencies to those whose excellence in the Arts &amp; Sciences has continued after initial receipt of the Order of Apollo.<\/span><\/p>\n<p>[\/et_pb_team_member][\/et_pb_column][\/et_pb_row][et_pb_row column_structure=&#8221;1_3,1_3,1_3&#8243; _builder_version=&#8221;4.16&#8243; background_size=&#8221;initial&#8221; background_position=&#8221;top_left&#8221; background_repeat=&#8221;repeat&#8221; global_colors_info=&#8221;{}&#8221;][et_pb_column type=&#8221;1_3&#8243; _builder_version=&#8221;4.16&#8243; custom_padding=&#8221;|||&#8221; global_colors_info=&#8221;{}&#8221; custom_padding__hover=&#8221;|||&#8221;][et_pb_team_member name=&#8221;Order of the Seraphic Star&#8221; position=&#8221;Baronial Lifetime Service Award&#8221; icon_color=&#8221;#2ea3f2&#8243; admin_label=&#8221;Team Member&#8221; _builder_version=&#8221;4.16&#8243; background_size=&#8221;initial&#8221; background_position=&#8221;top_left&#8221; background_repeat=&#8221;repeat&#8221; animation=&#8221;fade_in&#8221; link_option_url=&#8221;http:\/\/heralds.sca-caid.org\/op\/honor_members.php?AwardID=620&#8243; global_colors_info=&#8221;{}&#8221;]<\/p>\n<p>This polling order was established in 1971 by Baron S\u00e1rk\u00e1nyi Ger\u00f6 to recognize outstanding service to the Barony. When given, this very special award is bestowed at Angels Yule to recognize those who have served the Barony for many years.<\/p>\n<p>Please send recommendations to the Principal of the Order.<\/p>\n<p>[\/et_pb_team_member][\/et_pb_column][et_pb_column type=&#8221;1_3&#8243; _builder_version=&#8221;4.16&#8243; custom_padding=&#8221;|||&#8221; global_colors_info=&#8221;{}&#8221; custom_padding__hover=&#8221;|||&#8221;][et_pb_team_member name=&#8221;Order of the Virtues&#8221; position=&#8221;Baronesses Award&#8221; icon_color=&#8221;#2ea3f2&#8243; admin_label=&#8221;Team Member&#8221; _builder_version=&#8221;4.16&#8243; background_size=&#8221;initial&#8221; background_position=&#8221;top_left&#8221; background_repeat=&#8221;repeat&#8221; custom_padding=&#8221;||0px|||&#8221; animation=&#8221;fade_in&#8221; link_option_url=&#8221;http:\/\/heralds.sca-caid.org\/op\/honor_members.php?AwardID=887&#8243; global_colors_info=&#8221;{}&#8221;]<\/p>\n<p><span>Established by Baroness Gabrielle nicChlurain, this Order recognizes exceptionally courteous behavior. Please send recommendations to<\/span><br \/><span>Blazon:\u00a0<\/span><em>Pending<\/em><\/p>\n<p>[\/et_pb_team_member][\/et_pb_column][et_pb_column type=&#8221;1_3&#8243; _builder_version=&#8221;4.16&#8243; custom_padding=&#8221;|||&#8221; global_colors_info=&#8221;{}&#8221; custom_padding__hover=&#8221;|||&#8221;][et_pb_team_member name=&#8221;Order of the Cherubim&#8221; position=&#8221;Baronial Youth Award&#8221; icon_color=&#8221;#2ea3f2&#8243; admin_label=&#8221;Team Member&#8221; _builder_version=&#8221;4.16&#8243; background_size=&#8221;initial&#8221; background_position=&#8221;top_left&#8221; background_repeat=&#8221;repeat&#8221; custom_padding=&#8221;||3px|||&#8221; animation=&#8221;fade_in&#8221; link_option_url=&#8221;http:\/\/heralds.sca-caid.org\/op\/honor_members.php?AwardID=639&#8243; global_colors_info=&#8221;{}&#8221;]<\/p>\n<p><span>Established in 2003 by Baron Jason Thomas the Wanderer &amp; Baroness Morgaine FitzStephen to recognize service from the Barony\u2019s youth members.<\/span><br \/><span>Blazon:\u00a0<\/span><em>Gules, a child\u2019s head caboshed Or between two wings conjoined in lure argent.<\/em><\/p>\n<p>[\/et_pb_team_member][\/et_pb_column][\/et_pb_row][et_pb_row column_structure=&#8221;1_3,1_3,1_3&#8243; _builder_version=&#8221;4.16&#8243; background_size=&#8221;initial&#8221; background_position=&#8221;top_left&#8221; background_repeat=&#8221;repeat&#8221; global_colors_info=&#8221;{}&#8221;][et_pb_column type=&#8221;1_3&#8243; _builder_version=&#8221;4.16&#8243; custom_padding=&#8221;|||&#8221; global_colors_info=&#8221;{}&#8221; custom_padding__hover=&#8221;|||&#8221;][et_pb_team_member name=&#8221;Baronial Recognition of Excellence&#8221; position=&#8221;Baronial Recognition Awared&#8221; icon_color=&#8221;#2ea3f2&#8243; admin_label=&#8221;Team Member&#8221; _builder_version=&#8221;4.16&#8243; background_size=&#8221;initial&#8221; background_position=&#8221;top_left&#8221; background_repeat=&#8221;repeat&#8221; animation=&#8221;fade_in&#8221; link_option_url=&#8221;http:\/\/heralds.sca-caid.org\/op\/honor_members.php?AwardID=631&#8243; global_colors_info=&#8221;{}&#8221;]<\/p>\n<p><span>Given at the Baron and Baroness\u2019 discretion for special service or other noteworthy activities.<\/span><\/p>\n<p>[\/et_pb_team_member][\/et_pb_column][et_pb_column type=&#8221;1_3&#8243; _builder_version=&#8221;4.16&#8243; custom_padding=&#8221;|||&#8221; global_colors_info=&#8221;{}&#8221; custom_padding__hover=&#8221;|||&#8221;][\/et_pb_column][et_pb_column type=&#8221;1_3&#8243; _builder_version=&#8221;4.16&#8243; custom_padding=&#8221;|||&#8221; global_colors_info=&#8221;{}&#8221; custom_padding__hover=&#8221;|||&#8221;][\/et_pb_column][\/et_pb_row][\/et_pb_section][et_pb_section fb_built=&#8221;1&#8243; _builder_version=&#8221;4.16&#8243; _module_preset=&#8221;default&#8221; global_colors_info=&#8221;{}&#8221;][\/et_pb_section]<\/p>\n","protected":false},"excerpt":{"rendered":"<p>Baronial awards Through great works in service, arts, or martial.\u00a0 inidviduals withing the society can earn awards.\u00a0 At the Kingdom level these awards can change titles, read more here. But at the regional level you can achieve awards amongst your group for similar feats of effort.\u00a0 Below is a list of current awards.\u00a0 To recommend [&hellip;]<\/p>\n","protected":false},"author":1,"featured_media":0,"parent":0,"menu_order":0,"comment_status":"closed","ping_status":"closed","template":"","meta":{"_et_pb_use_builder":"on","_et_pb_old_content":"","_et_gb_content_width":"","footnotes":""},"difl_page_category":[],"class_list":["post-407","page","type-page","status-publish","hentry"],"jetpack_sharing_enabled":true,"_links":{"self":[{"href":"https:\/\/places.sca-caid.org\/lyondemere\/wp-json\/wp\/v2\/pages\/407","targetHints":{"allow":["GET"]}}],"collection":[{"href":"https:\/\/places.sca-caid.org\/lyondemere\/wp-json\/wp\/v2\/pages"}],"about":[{"href":"https:\/\/places.sca-caid.org\/lyondemere\/wp-json\/wp\/v2\/types\/page"}],"author":[{"embeddable":true,"href":"https:\/\/places.sca-caid.org\/lyondemere\/wp-json\/wp\/v2\/users\/1"}],"replies":[{"embeddable":true,"href":"https:\/\/places.sca-caid.org\/lyondemere\/wp-json\/wp\/v2\/comments?post=407"}],"version-history":[{"count":0,"href":"https:\/\/places.sca-caid.org\/lyondemere\/wp-json\/wp\/v2\/pages\/407\/revisions"}],"wp:attachment":[{"href":"https:\/\/places.sca-caid.org\/lyondemere\/wp-json\/wp\/v2\/media?parent=407"}],"wp:term":[{"taxonomy":"difl_page_category","embeddable":true,"href":"https:\/\/places.sca-caid.org\/lyondemere\/wp-json\/wp\/v2\/difl_page_category?post=407"}],"curies":[{"name":"wp","href":"https:\/\/api.w.org\/{rel}","templated":true}]}}